a factor of 164841?
False
Does 8 divide 532671?
False
Does 603 divide 815033?
False
Is 1537131 a multiple of 123?
True
Is 14901 a multiple of 11?
False
Does 9 divide 230681?
False
Does 24 divide 1217676?
False
Is 37 a factor of 530691?
True
Is 377538 a multiple of 17?
False
Is 1202918 a multiple of 281?
False
Is 1083214 a multiple of 9?
False
Is 28 a factor of 150234?
False
Is 235 a factor of 7583450?
True
Does 162 divide 196959?
False
Does 190 divide 4797629?
False
Does 20 divide 352431?
False
Does 15 divide 661275?
True
Is 27734 a multiple of 32?
False
Is 21 a factor of 116970?
True
Is 31 a factor of 503161?
True
Is 146640 a multiple of 752?
True
Does 274 divide 109205?
False
Is 204 a factor of 924528?
True
Is 3303650 a multiple of 37?
False
Is 58994 a multiple of 454?
False
Does 15 divide 4345635?
True
Is 56 a factor of 191800?
True
Does 12 divide 83832?
True
Is 677061 a multiple of 12?
False
Does 13 divide 111800?
True
Does 24 divide 843004?
False
Does 21 divide 2545347?
True
Is 228730 a multiple of 131?
False
Is 2013854 a multiple of 30?
False
Is 42 a factor of 2678004?
True
Does 87 divide 2317419?
True
Is 151 a factor of 1837066?
True
Is 201750 a multiple of 50?
True
Is 2437305 a multiple of 65?
True
Is 9 a factor of 2018025?
True
Is 118 a factor of 2477484?
False
Is 505346 a multiple of 108?
False
Does 348 divide 1887245?
False
Does 14 divide 143080?
True
Is 1088319 a multiple of 37?
False
Does 26 divide 18087630?
False
Does 11 divide 165349?
False
Is 2493041 a multiple of 631?
False
Is 12014763 a multiple of 41?
True
Does 14 divide 19916204?
True
Is 21 a factor of 37936?
False
Is 83 a factor of 14095392?
True
Is 64 a factor of 2146321?
False
Does 16 divide 164272?
True
Is 21 a factor of 5902869?
True
Does 144 divide 3715138?
False
Is 283625 a multiple of 90?
False
Is 11 a factor of 23351?
False
Is 138880 a multiple of 10?
True
Is 79712 a multiple of 53?
True
Is 152175 a multiple of 75?
True
Is 512528 a multiple of 8?
True
Is 204298 a multiple of 83?
False
Is 69 a factor of 3504893?
False
Is 39 a factor of 124527?
True
Does 8 divide 1651187?
False
Is 5153037 a multiple of 508?
False
Is 544 a factor of 174624?
True
Is 4248755 a multiple of 521?
True
Is 56360 a multiple of 10?
True
Does 8 divide 57685?
False
Is 48 a factor of 11956848?
True
Is 3666600 a multiple of 7?
True
Is 21371320 a multiple of 163?
False
Does 140 divide 710583?
False
Is 1107268 a multiple of 38?
False
Is 30 a factor of 557970?
True
Does 57 divide 9058056?
False
Is 11 a factor of 234135?
True
Does 325 divide 901550?
True
Is 1702489 a multiple of 139?
False
Does 441 divide 2053144?
False
Does 34 divide 118184?
True
Is 426855 a multiple of 375?
False
Is 349 a factor of 5235?
True
Is 13 a factor of 11863383?
False
Does 74 divide 191370?
False
Is 214128 a multiple of 149?
False
Is 3246202 a multiple of 243?
False
Is 782 a factor of 1173000?
True
Does 36 divide 161876?
False
Is 2163133 a multiple of 41?
False
Is 383059 a multiple of 99?
False
Does 2 divide 332023?
False
Does 35 divide 36470?
True
Does 49 divide 5152468?
False
Is 8557915 a multiple of 19?
False
Is 1126488 a multiple of 118?
False
Is 287760 a multiple of 80?
True
Does 3 divide 28533?
True
Is 1601418 a multiple of 6?
True
Does 68 divide 1034205?
False
Does 47 divide 2647275?
True
Is 166721 a multiple of 13?
False
Is 78 a factor of 30683?
False
Does 36 divide 162685?
False
Does 183 divide 185928?
True
Is 11 a factor of 35205?
False
Is 10910 a multiple of 350?
False
Is 149078 a multiple of 569?
True
Is 1896258 a multiple of 46?
True
Is 188269 even?
False
Is 9895239 a multiple of 447?
True
Does 14 divide 279510?
True
Does 4 divide 167712?
True
Is 23 a factor of 818314?
False
Is 111 a factor of 1022555?
False
Is 33156 a multiple of 108?
True
Is 12 a factor of 403994?
False
Does 20 divide 64400?
True
Is 453193 a multiple of 13?
True
Does 42 divide 614234?
False
Is 78161 a multiple of 136?
False
Does 191 divide 1030198?
False
Is 19 a factor of 140748?
False
Does 580 divide 142680?
True
Is 977560 a multiple of 40?
True
Does 21 divide 3081414?
True
Does 4 divide 41764?
True
Does 1329 divide 3309210?
True
Is 999238 a multiple of 8?
False
Is 830759 a multiple of 16?
False
Is 27 a factor of 64827?
True
Does 2243 divide 23519192?
False
Is 139 a factor of 434097?
True
Is 26 a factor of 652496?
True
Does 27 divide 27243?
True
Is 8343 a multiple of 27?
True
Is 10 a factor of 908763?
False
Is 1183338 a multiple of 18?
True
Is 3417099 a multiple of 609?
True
Does 17 divide 837752?
False
Does 20 divide 778820?
True
Is 299868 a multiple of 12?
True
Is 205533 a multiple of 41?
True
Is 17655210 a multiple of 90?
True
Is 905083 a multiple of 255?
False
Is 146 a factor of 2056994?
True
Is 2449674 a multiple of 16?
False
Does 193 divide 536437?
False
Is 691298 a multiple of 27?
False
Is 5806195 a multiple of 958?
False
Does 85 divide 136425?
True
Is 487656 a multiple of 156?
True
Does 11 divide 183205?
True
Does 160 divide 237120?
True
Does 3 divide 114899?
False
Is 4 a factor of 8325?
False
Does 18 divide 908118?
True
Is 21 a factor of 1592109?
False
Does 166 divide 148920?
False
Is 18 a factor of 140094?
True
Is 827621 a multiple of 19?
True
Is 39 a factor of 651768?
True
Does 304 divide 216598?
False
Is 39 a factor of 2343666?
True
Is 2686614 a multiple of 658?
True
Is 233628 a multiple of 16?
False
Is 147653 a multiple of 5?
False
Does 4 divide 18976?
True
Is 44 a factor of 6814834?
False
Is 11 a factor of 8402?
False
Does 38 divide 1512144?
False
Is 13 a factor of 70838?
False
Is 45 a factor of 330484?
False
Is 540082 a multiple of 62?
True
Is 2287944 a multiple of 258?
True
Is 567 a factor of 1193535?
True
Is 2725400 a multiple of 8?
True
Is 126 a factor of 210546?
True
Does 64 divide 185728?
True
Does 211 divide 162617?
False
Is 53 a factor of 4669933?
False
Is 35442375 a multiple of 15?
True
Is 58347 a multiple of 144?
False
Does 239 divide 330738?
False
Is 13302926 a multiple of 19?
True
Does 2 divide 262834?
True
Is 95 a factor of 150005?
True
Is 6 a factor of 386305?
False
Is 537588 a multiple of 183?
False
Is 618 a factor of 861492?
True
Is 863 a factor of 3010144?
True
Is 176466 a multiple of 125?
False
Is 19 a factor of 594168?
True
Does 181 divide 1228266?
True
Does 275 divide 128150?
True
Does 41 divide 222590?
False
Does 210 divide 173250?
True
Is 542 a factor of 1258278?
False
Is 479040 a multiple of 12?
True
Is 1297845 a multiple of 337?
False
Does 658 divide 42696?
False
Does 40 divide 1199346?
False
Does 219 divide 438?
True
Is 3323630 a multiple of 16?
False
Is 6204006 a multiple of 11?
False
Does 9 divide 1103658?
False
Is 10 a factor of 780?
True
Is 57567 a multiple of 8?
False
Is 556905 a multiple of 34?
False
Does 59 divide 3637822?
True
Is 315115 a multiple of 589?
True
Is 70 a factor of 8675?
False
Is 32 a factor of 22385?
False
Is 92 a factor of 1251936?
True
Is 30 a factor of 894427?
False
Does 33 divide 748605?
True
Is 305413 a multiple of 6?
False
Does 5 divide 74526?
False
Is 19 a factor of 152580?
False
Is 12907968 a multiple of 32?
True
Is 501555 a multiple of 87?
True
Is 407 a factor of 72446?
True
Does 56 divide 1853481?
False
Is 3 a factor of 92299?
False
Is 191 a factor of 9986421?
False
Is 103 a factor of 305110?
False
Is 16 a factor of 9152?
True
Is 71 a factor of 14530052?
False
Is 3866002 a multiple of 10?
False
Is 17 a factor of 2296766?
False
Is 126 a factor of 426006?
True
Is 195 a factor of 4538820?
True
Is 8054021 a multiple of 87?
False
Does 39 divide 75249?
False
Does 213 divide 1580211?
False
Is 5933816 a multiple of 542?
True
Is 242 a factor of 139934?
False
Does 410 divide 30750?
True
Is 53511 a multiple of 29?
False
Is 764 a factor of 2036001?
False
Is 2 a factor of 11499?
False
Does 23 divide 223836?
True
Is 6026934 a multiple of 539?
False
Is 34 a factor of 124542?
True
Is 719864 a multiple of 582?
False
Does 12 divide 60357?
False
Is 43 a factor of 417014?
True
Does 3 divide 111235?
False
Is 6136759 a multiple of 43?
False
Does 11 divide 314836?
False
Is 277909 a multiple of 3?
False
Does 159 divide 9936327?
False
Is 23 a factor of 14408?
False
Does 320 divide 800000?
True
Is 3 a factor of 77649?
True
Does 567 divide 132678?
True
Is 225 a factor of 38475?
True
Is 272310 a